6 - 11)).
7
Calculate 1 + -14 + 34 + -10.
11
What is -1 - (3 + -1 - 4)?
1
Evaluate -2 + (10 - (5 + 0 - 0)).
3
-6 + (-2 - -8 - 4)
-4
Calculate 7 + (-12 - 3) + 3.
-5
-4 + -1 + 2 + 7
4
What is the value of 4 + 2 + -1 - 0 - -1?
6
1 + 3 - (-4 - -3)
5
What is the value of 0 + 2 + 14 + -13?
3
Calculate 2 + (-2 - (4 + 5) - -6).
-3
13 + -1 + (8 - 28)
-8
What is -1 + -4 + -2 - (-2 + 0)?
-5
What is 1 + -10 + 2 + (-7 - -6)?
-8
Calculate 6 + -2 + -24 + 10 - -5.
-5
What is the value of -2 - 2 - (-3 - 1)?
0
(1 - -3) + (-5 - 6)
-7
What is the value of 5 - (-1 + -7 + 6) - 16?
-9
What is (6 - 14) + 23 - (-2 - -10)?
7
What is the value of 0 + 3 + -2 + (3 - 8)?
-4
Evaluate 3 + 1 - ((-2 - 4) + 13).
-3
What is the value of -1 + (7 - (-4 - -7)) - -1?
4
What is the value of (-1 - -2 - 5) + -46 + 50?
0
Evaluate -7 + 7 + -8 + 6.
-2
Calculate 0 - (5 + -2) - -1.
-2
Evaluate -3 + 1 + 1 + -2.
-3
What is 0 + (4 - 3) + 1 + -4?
-2
What is the value of -2 + 0 - ((9 - 7) + -7)?
3
What is the value of -2 + (-3 - 1 - -8)?
2
-3 - 5 - (-2 - 0) - 0
-6
5 - (1 - -1) - 6
-3
What is -4 - (1 - (4 - -1) - -1)?
-1
Calculate -1 + -1 - ((-4 - 1) + 0).
3
Evaluate (4 - (3 - (3 - -1))) + 0.
5
Evaluate 2 - (0 + (0 - -1) + 3).
-2
What is the value of -7 - (0 + -1 + -4)?
-2
Evaluate 0 + 5 - (-3 - (-13 - -6)).
1
What is -11 + 13 + (4 - 1)?
5
What is the value of -5 + 7 - (0 - -2)?
0
1 + 2 + 1 + 0 - 4
0
Evaluate -4 + 5 + (0 - -2).
3
Evaluate -2 + 4 + (-3 - (2 + -4)).
1
Calculate 7 + (-22 - -10) + 10.
5
What is 3 - (-66 - -58 - (-3 + 1))?
9
(0 - (-1 - 5)) + -5
1
What is 0 + (-2 - (-1 + 2))?
-3
Evaluate -1 + -3 - (3 + -9).
2
Calculate 14 + -2 + -4 + (-3 - 1).
4
What is the value of (3 + -1 - -3) + (5 - 4)?
6
2 + (3 - 8) - -3
0
Evaluate 4 + (-10 - (-7 - -1)).
0
Evaluate 2 + 5 + 4 + -9 - 2.
0
Calculate ((-2 - 0) + 0 - -1) + 6.
5
4 + (0 - ((-1 - -5) + -4))
4
What is the value of (11 + 7 - 8) + -7?
3
-7 - -6 - (-6 - -5)
0
Evaluate -6 - (13 + (-9 - 9)).
-1
Evaluate 2 - 6 - (0 - 5).
1
-3 + 3 - ((-1 - -6) + -3)
-2
-8 - -10 - 10 - (4 - 5)
-7
What is the value of -4 + (1 - 1) + 0 + 2?
-2
What is the value of 2 + (3 - (0 - -2)) + -3?
0
1 + 3 - (-3 - (-3 - -1))
5
What is 3 + -6 + (0 - -7)?
4
Evaluate 2 + (-7 + 5 - 0).
0
What is -6 - (10 + -10 + -4)?
-2
What is the value of -3 + 1 - (5 - 1)?
-6
Calculate (-7 - -1) + (-48 - -47).
-7
Evaluate -2 - (1 + -2) - -7.
6
What is -5 - (1 - 1) - (52 - 60)?
3
Calculate (0 - 3) + (10 - (-5 - -12)).
0
-3 + 10 - (1 - -5)
1
What is the value of 3 + (-4 - -2) - 4 - 3?
-6
What is -1 + -6 + 10 + -2?
1
What is the value of -2 + (-4 - 0 - (-11 + 3))?
2
Evaluate (-1 - 0) + (5 - 3) + -12.
-11
What is -17 + 21 - (5 + -3)?
2
What is the value of (-22 - -9) + 1 + 14?
2
Calculate 3 + (1 + 0 - (1 + 1)).
2
What is 4 + (-3 - -2) + -10 + 4?
-3
What is the value of (-45 - -37) + (-1 + 3 - 0)?
-6
Calculate (-4 - -7) + -3 + (5 - 2).
3
Evaluate (4 - (2 - 1) - 0) + -2.
1
6 + ((6 - 6) + -7 - -5)
4
Calculate -6 + 0 + (-5 - -10).
-1
What is -3 - (3 + -2) - -3?
-1
Evaluate (5 - 16) + 3 + 3 + 3.
-2
What is (-2 - 6) + (0 - -7)?
-1
Evaluate 2 - 6 - (-2 - 0).
-2
Evaluate (-3 - -5) + 3 + (-3 - 4).
-2
3 + (-1 - (2 - -2)) + 6
4
Calculate (-10 - -9) + -4 + 0 + 0.
-5
Evaluate -2 + 3 + -1 + 0 - -5.
5
Calculate -15 + 5 + (7 - 0).
-3
Evaluate -6 - -3 - (-3 + -2) - 1.
1
Calculate -11 + 8 + 0 - (-3 - 1).
1
What is the value of -4 - -10 - 2 - 8?
-4
5 - (-4 + 1 + 4)
4
What is -5 - (2 + -10) - -2?
5
(-3 - (4 - 7)) + 1 - 5
-4
Calculate (4 - 0 - 4) + -4.
-4
What is the value of 4 - -2 - (-39 - -49)?
-4
(2 - (8 + -7)) + 5
6
What is the value of (-5 - (-4 + -3 - -2)) + 4?
4
What is the value of 7 + -3 - (-1 - (2 + -3))?
4
0 - 4 - (-2 - 5)
3
What is the value of (1 - 1) + 3 + 6 + -6?
3
Evaluate -2 - (2 - (5 + -2)).
-1
Evaluate 0 + -8 + 5 + -7.
-10
Calculate -3 - (-1 - (-4 + -5)).
-11
What is 6 + -18 + 1 + 8?
-3
What is the value of -3 + 2 - (-5 + 4)?
0
Calculate -8 + -8 + 14 + 1.
-1
Calculate 0 - 1 - ((2 - -9) + -8).
-4
What is the value of -3 + -4 + -3 + 5 + -2?
-7
-1 + -9 + 10 - 5
-5
4 + -4 + -1 + 2
1
Evaluate -2 - (16 + -12 + -4).
-2
6 + -3 + 2 - 9
-4
Calculate -1 + (1 - 5) + 6 + -1.
0
Calculate (-10 - -9) + 2 + -1 + -4.
-4
What is the value of (-1 - 3) + 7 + -2?
1
What is the value of 3 + 0 - (-2 - -6)?
-1
What is the value of 2 + (-1 - -2 - (10 + -11))?
4
66 + -80 + 8 + 1
-5
What is 5 + 4 + -1 + -3?
5
Calculate -10 + -1 - (27 - 42).
4
Evaluate 9 - (9 - 13 - -14).
-1
Calculate -2 - (14 - 8 - 10).
2
What is the value of 1 - (2 - 8) - 1?
6
What is the value of -3 + 1 + 1 + -3?
-4
(-1 + 1 - -3) + 0
3
What is the value of (10 - (-6 + 14)) + 5?
7
What is (2 - 4) + 3 - -2?
3
What is the value of (0 - (-5 - -3)) + -1?
1
Calculate -11 - -6 - -4 - -4.
3
Evaluate 0 + (-3 - -2 - 0).
-1
6 - (0 + (6 - 5))
5
3 + -2 + 1 + -1
1
Evaluate 2 - 3 - -11 - 3.
7
What is 0 + (-4 - 2 - -4)?
-2
What is the value of -2 + (-2 - 1 - -9)?
4
What is (-6 - (6 - 10)) + (3 - 0)?
1
What is the value of 0 + -4 + 1 - -1 - -4?
2
Evaluate 1 - 6 - (4 - 7).
-2
What is the value of -3 - (2 + -13) - (0 + 4)?
4
What is -1 - (0 - (7 + -1))?
5
Evaluate 0 + -6 + (5 - -1) + -5.
-5
Calculate 7 + (5 + -5 - 4).
3
What is the value of 6 + -6 + 5 + 1?
6
What is the value of -15 - (-32 + 10) - (0 + -2)?
9
Calculate (-2 - (1 + (-5 - -2))) + 5.
5
Calculate 3 + -1 + 7 + -13 + 7.
3
What is -6 + -1 + 28 + -17?
4
What is -3 - (4 - 9) - 6?
-4
Evaluate -5 + 4 + -4 - -5.
0
What is the value of (-12 - -3) + 5 + (6 - 2)?
0
Evaluate 5 - (13 + -6 + -4).
2
-5 - 1 - (8 + -9) - -6
1
What is the value of ((4 - -4) + -4 - 6) + 4?
2
-4 + 5 + (4 - 8)
-3
Calculate 3 + (0 + 1 - 0) + -2.
2
-11 + 2 + -41 + 46
-4
Calculate 14 + (-1 - (7 + -1)) - 6.
1
What is 0 + -1 + -16 + 18?
1
-6 - (5 + -7 + -2)
-2
-7 + -1 + -1 + 9
0
4 + -5 - (0 + 2 + -5)
2
What is the value of 1 - -2 - (-107 - -109)?
1
(-9 - -13) + 0 - (-3 - -2)
5
What is the value of (-31 - -40) + 1 + -8?
2
Calculate 1 + -4 + 9 + -2.
4
What is the value of 2 + (-4 - (-12 + 4)) + 2?
8
Calculate 5 + -6 + 4 + (2 - -1).
6
Calculate 3 + (-6 - (2 + -6)).
1
Calculate 11 + (1 - 3) - 4.
5
7 - (9 - (5 + -3))
0
-6 + (-10 - -10) + (1 - -1)
-4
47 + -34 - (2 + 17)
-6
What is the value of -1 + -1 - (-1 + (2 - -1))?
-4
What is (4 - 1) + -4 - 4?
-5
Evaluate 5 + -12 + (0 - -5).
-2
Evaluate 8 + -1 + -2 + (16 - 18).
3
What is the value of -4 + 13 - 5 - (7 + -1)?
-2
Evaluate -3 - (-5 + 4 - 1).
-1
Evaluate 14 - 11 - (2 + 2).
-1
1 + -1 - (-9 - -6)
3
Calculate -9 - (8 - 6 - 8).
-3
Evaluate 13 + (-11 - (-8 + 2 + 1)).
7
Evaluate -2 + -5 - ((1 - 8) + 3).
-3
What is the value of (-11 - 0) + 6 + 11 + 0?
6
-2 + (-6 - -1 - -7)
0
Calculate -2 + -6 + 3 - (-14 - -9).
0
-9 - 0 - (-1 + -6 + 9)
-11
What is the value of 8 + (-4 - -5) - 6?
3
Evaluate 12 + 3 + -19 + 3 + 8.
7
What is 7 - (-9 + (14 - 3))?
5
Evaluate -8 - (-5 + 1 - -1).
-5
Evaluate 4 + -5 + -5 - -3 - -6.
3
What is the value of (2 - -4) + (-1 - 3)?
2
What is -6 + 2 + 5 - 5?
-4
Evaluate -6 + 0 + (-15 + -6 - -22).
-5
What is the value of 3 - 2 - (-2 - 0)?
3
What is (5 - 1) + (4 - (-4 + 6))?
6
Calculate 2 + 1 - 0 - (3 - 5).
5
What is the value of 3 + 1 - 4 - -2 - 4?
-2
What is -13 + 18 + 1 + 0 + -1?
5
Calculate 2 - 0 - 3 - (-6 - -2).
3
Evaluate (-12 - 0) + -43 + 49.
-6
What is -1 + 4 + -4 + (2 - 2)?
-1
Calculate 0 - (-3 + 1) - 3.
-1
4 - (-3 - -3 - -8) - -2
-2
Calculate -4 + (5 - -4) - 2.
3
(0 - 1) + (2 - 0)
1
What is the value of -1 - (8 + -2) - -4 - 1?
-4
What is 3 - 2 - (5 - 6)?
2
What is the value of 1 + (3 - 1) - -2?
5
(-3 - 1) + -3 + 3
-4
What is (-1 - 4) + (71 - 70)?
-4
-1 + 4 - (-2 - (-8 + -1))
-4
What is -7 - (10 - 3 - 20)?
6
Evaluate -8 + 12 + -2 + 2.
4
What is 1 + -13 + (-19 - -26)?
-5
What is 7 - (6 - -4 - 11)?
8
3 + (2 - 1) - (4 + -3)
3
What is 6 + -6 - (16 - 18)?
2
What is the value of (-1 - (-2 + -2)) + 4 + -4?
3
What is (-15 - -14) + -4 + 1?
-4
1 - (9 - (-1 - (-6 - -2)))
-5
What is (8 - (-2 - -2)) + (7 - 10)?
5
What is 3 - (-10 + -3) - 10?
6
What is the value of (-3 - (3 + -7) - 5) + -1?
-5
Calculate 6 - ((-2 - 0) + 15) - 0.
-7
Evaluate -6 - ((2 - 3) + -4).
-1
Calculate 5 + (-6 - 0) + -12 - -5.
-8
Calculate 2 + 0 + 1 + -3.
0
What is -5 + (7 - 7 - -9)?
4
-1 + -1 + (-13 - (-5 - 6))
-4
What is (-13 - -7) + 1 + -4 + 11?
2
(5 - 8) + -3 + 5
-1
What is 4 + (6 - (6 - 1))?
5
Calculate 8 + -3 + (-3 - -3) + -1.
4
